{"version":"1.0","type":"rich","width":"560px","height":"140px","title":"109-Mozart, Brahms und Faur\u00e9 - Die Kulturmatin\u00e9e mit w\u00f6chentlichem Wohlsein f\u00fcr Augen, Ohren und Hirn","url":"https:\/\/www.feuilletoene.de\/109-mozart-brahms-und-faure\/","author_name":"Feuillet\u00f6ne - Musikpodcast und Philosophiepodcast","author_url":"https:\/\/www.feuilletoene.de","thumbnail_url":"https:\/\/www.feuilletoene.de\/wp-content\/uploads\/2025\/10\/itunes.jpg","html":"<iframe width=\"560px\" height=\"140px\" src=\"https:\/\/www.feuilletoene.de\/109-mozart-brahms-und-faure\/?standalonePlayer\"><\/iframe>"}

109-Mozart, Brahms und Fauré - Die Kulturmatinée mit wöchentlichem Wohlsein für Augen, Ohren und Hirn

Feuilletöne - Musikpodcast und Philosophiepodcast
