{"version":"1.0","type":"rich","width":"560px","height":"140px","title":"Regina Porter, Bryan Ferry, Charit\u00e9 Staffel 2 und St. Kilian - Die Kultursendung mit w\u00f6chentlichem Wohlsein f\u00fcr Augen, Ohren und Hirn","url":"https:\/\/www.feuilletoene.de\/regina-porter-bryan-ferry-charite-staffel-2-und-st-kilian\/","author_name":"Feuillet\u00f6ne - Musikpodcast und Philosophiepodcast","author_url":"https:\/\/www.feuilletoene.de","thumbnail_url":"https:\/\/www.feuilletoene.de\/wp-content\/uploads\/2025\/10\/itunes.jpg","html":"<iframe width=\"560px\" height=\"140px\" src=\"https:\/\/www.feuilletoene.de\/regina-porter-bryan-ferry-charite-staffel-2-und-st-kilian\/?standalonePlayer\"><\/iframe>"}

Regina Porter, Bryan Ferry, Charité Staffel 2 und St. Kilian - Die Kultursendung mit wöchentlichem Wohlsein für Augen, Ohren und Hirn

Feuilletöne - Musikpodcast und Philosophiepodcast
